{"id":9,"date":"2025-01-09T11:04:33","date_gmt":"2025-01-09T11:04:33","guid":{"rendered":"https:\/\/siism-zk.dkonto.pl\/?page_id=9"},"modified":"2025-01-09T11:05:58","modified_gmt":"2025-01-09T11:05:58","slug":"wordpress-zajecia","status":"publish","type":"page","link":"https:\/\/siism-zk.dkonto.pl\/","title":{"rendered":"WordPress-zaj\u0119cia"},"content":{"rendered":"\n<h2 class=\"wp-block-heading\">Czwartkowe zaj\u0119cia ze stron internetowych<\/h2>\n\n\n\n<hr class=\"wp-block-separator has-alpha-channel-opacity\"\/>\n\n\n\n<figure class=\"wp-block-image size-large\"><img loading=\"lazy\" decoding=\"async\" width=\"1024\" height=\"683\" src=\"https:\/\/siism-zk.dkonto.pl\/wp-content\/uploads\/2025\/01\/iot-technology-concept-city-transport-smart-1575603-pxhere.com_-1024x683.jpg\" alt=\"\" class=\"wp-image-10\" srcset=\"https:\/\/siism-zk.dkonto.pl\/wp-content\/uploads\/2025\/01\/iot-technology-concept-city-transport-smart-1575603-pxhere.com_-1024x683.jpg 1024w, https:\/\/siism-zk.dkonto.pl\/wp-content\/uploads\/2025\/01\/iot-technology-concept-city-transport-smart-1575603-pxhere.com_-300x200.jpg 300w, https:\/\/siism-zk.dkonto.pl\/wp-content\/uploads\/2025\/01\/iot-technology-concept-city-transport-smart-1575603-pxhere.com_-768x512.jpg 768w, https:\/\/siism-zk.dkonto.pl\/wp-content\/uploads\/2025\/01\/iot-technology-concept-city-transport-smart-1575603-pxhere.com_-1536x1024.jpg 1536w, https:\/\/siism-zk.dkonto.pl\/wp-content\/uploads\/2025\/01\/iot-technology-concept-city-transport-smart-1575603-pxhere.com_-2048x1365.jpg 2048w\" sizes=\"auto, (max-width: 1024px) 100vw, 1024px\" \/><figcaption class=\"wp-element-caption\">CC BY asawin<\/figcaption><\/figure>\n\n\n\n<p><strong>Internet<\/strong>\u00a0(<a href=\"https:\/\/pl.wikipedia.org\/wiki\/Skr%C3%B3towiec\">skr\u00f3towiec<\/a>\u00a0od\u00a0<a href=\"https:\/\/pl.wikipedia.org\/wiki\/J%C4%99zyk_angielski\">ang.<\/a>\u00a0<em>inter-network<\/em>, dos\u0142ownie \u201emi\u0119dzy-sie\u0107\u201d) \u2013 og\u00f3lno\u015bwiatowy system po\u0142\u0105cze\u0144 mi\u0119dzy komputerami, okre\u015blany r\u00f3wnie\u017c jako sie\u0107 sieci. W definicji informatycznej Internet to <sup data-fn=\"11d655a3-a608-4ed4-b37e-c216268b26f6\" class=\"fn\"><a href=\"#11d655a3-a608-4ed4-b37e-c216268b26f6\" id=\"11d655a3-a608-4ed4-b37e-c216268b26f6-link\">1<\/a><\/sup>przestrze\u0144\u00a0<a href=\"https:\/\/pl.wikipedia.org\/wiki\/Adres_IP\">adres\u00f3w IP<\/a>\u00a0przydzielonych\u00a0<a href=\"https:\/\/pl.wikipedia.org\/wiki\/Host\">hostom<\/a>\u00a0i\u00a0<a href=\"https:\/\/pl.wikipedia.org\/wiki\/Serwer\">serwerom<\/a>\u00a0po\u0142\u0105czonym za pomoc\u0105 urz\u0105dze\u0144 sieciowych, takich jak\u00a0<a href=\"https:\/\/pl.wikipedia.org\/wiki\/Karta_sieciowa\">karty sieciowe<\/a>,\u00a0<a href=\"https:\/\/pl.wikipedia.org\/wiki\/Modem\">modemy<\/a>\u00a0i\u00a0<a href=\"https:\/\/pl.wikipedia.org\/wiki\/Koncentrator_sieciowy\">koncentratory<\/a>, komunikuj\u0105cych si\u0119 za pomoc\u0105\u00a0<a href=\"https:\/\/pl.wikipedia.org\/wiki\/Protok%C3%B3%C5%82_internetowy\">protoko\u0142u internetowego<\/a>\u00a0z wykorzystaniem\u00a0<a href=\"https:\/\/pl.wikipedia.org\/wiki\/Infrastruktura\">infrastruktury<\/a>\u00a0<a href=\"https:\/\/pl.wikipedia.org\/wiki\/Telekomunikacja\">telekomunikacyjnej<\/a>. <\/p>\n\n\n\n<p><\/p>\n","protected":false},"excerpt":{"rendered":"<p>Czwartkowe zaj\u0119cia ze stron internetowych Internet\u00a0(skr\u00f3towiec\u00a0od\u00a0ang.\u00a0inter-network, dos\u0142ownie \u201emi\u0119dzy-sie\u0107\u201d) \u2013 og\u00f3lno\u015bwiatowy system po\u0142\u0105cze\u0144 mi\u0119dzy komputerami, okre\u015blany r\u00f3wnie\u017c jako sie\u0107 sieci. W definicji informatycznej Internet to przestrze\u0144\u00a0adres\u00f3w IP\u00a0przydzielonych\u00a0hostom\u00a0i\u00a0serwerom\u00a0po\u0142\u0105czonym za pomoc\u0105 urz\u0105dze\u0144 sieciowych, takich jak\u00a0karty sieciowe,\u00a0modemy\u00a0i\u00a0koncentratory, komunikuj\u0105cych si\u0119 za pomoc\u0105\u00a0protoko\u0142u internetowego\u00a0z wykorzystaniem\u00a0infrastruktury\u00a0telekomunikacyjnej.<\/p>\n","protected":false},"author":1,"featured_media":0,"parent":0,"menu_order":0,"comment_status":"closed","ping_status":"closed","template":"","meta":{"footnotes":"[{\"id\":\"11d655a3-a608-4ed4-b37e-c216268b26f6\",\"content\":\"\"}]"},"class_list":["post-9","page","type-page","status-publish","hentry"],"_links":{"self":[{"href":"https:\/\/siism-zk.dkonto.pl\/index.php\/wp-json\/wp\/v2\/pages\/9","targetHints":{"allow":["GET"]}}],"collection":[{"href":"https:\/\/siism-zk.dkonto.pl\/index.php\/wp-json\/wp\/v2\/pages"}],"about":[{"href":"https:\/\/siism-zk.dkonto.pl\/index.php\/wp-json\/wp\/v2\/types\/page"}],"author":[{"embeddable":true,"href":"https:\/\/siism-zk.dkonto.pl\/index.php\/wp-json\/wp\/v2\/users\/1"}],"replies":[{"embeddable":true,"href":"https:\/\/siism-zk.dkonto.pl\/index.php\/wp-json\/wp\/v2\/comments?post=9"}],"version-history":[{"count":2,"href":"https:\/\/siism-zk.dkonto.pl\/index.php\/wp-json\/wp\/v2\/pages\/9\/revisions"}],"predecessor-version":[{"id":17,"href":"https:\/\/siism-zk.dkonto.pl\/index.php\/wp-json\/wp\/v2\/pages\/9\/revisions\/17"}],"wp:attachment":[{"href":"https:\/\/siism-zk.dkonto.pl\/index.php\/wp-json\/wp\/v2\/media?parent=9"}],"curies":[{"name":"wp","href":"https:\/\/api.w.org\/{rel}","templated":true}]}}